{"id":27541,"date":"2026-03-12T13:01:24","date_gmt":"2026-03-12T12:01:24","guid":{"rendered":"https:\/\/www.izarkom.eus\/ekitaldiak\/izarkom-eta-goienerren-kilometroa\/"},"modified":"2026-03-12T13:01:24","modified_gmt":"2026-03-12T12:01:24","slug":"izarkom-eta-goienerren-kilometroa","status":"publish","type":"tribe_events","link":"https:\/\/www.izarkom.eus\/es\/ekitaldiak\/izarkom-eta-goienerren-kilometroa\/","title":{"rendered":"Izarkom eta Goienerren kilometroa"},"content":{"rendered":"<p>Ven a disfrutar el km 772 de KORRIKA que correremos juntos Izarkom y Goiener.<\/p>\n<p>Puedes acercarte a la oficina de Calle Nueva a las 13:30 o a las 14:15 frente al n\u00famero 3 de la Avenida de Bara\u00f1\u00e1in, frente al colegio San Cernin.<\/p>\n","protected":false},"excerpt":{"rendered":"<p>Ven a disfrutar el km 772 de KORRIKA que correremos juntos Izarkom y Goiener. Puedes acercarte a la oficina de Calle Nueva a las 13:30 o a las 14:15 frente [&hellip;]<\/p>\n","protected":false},"author":5,"featured_media":27538,"template":"","meta":{"_et_pb_use_builder":"","_et_pb_old_content":"","_et_gb_content_width":"","_tribe_events_status":"","_tribe_events_status_reason":"","footnotes":""},"tags":[288],"tribe_events_cat":[217,289],"class_list":["post-27541","tribe_events","type-tribe_events","status-publish","has-post-thumbnail","hentry","tag-korrika","tribe_events_cat-izarkomek-babestutakoak-es","tribe_events_cat-korrika","cat_izarkomek-babestutakoak-es","cat_korrika"],"yoast_head":"<!-- This site is optimized with the Yoast SEO plugin v27.5 - https:\/\/yoast.com\/product\/yoast-seo-wordpress\/ -->\n<title>Izarkom eta Goienerren kilometroa - izarkom<\/title>\n<meta name=\"description\" content=\"Ven a disfrutar el km 772 de KORRIKA que correremos juntos Izarkom y Goiener.\" \/>\n<meta name=\"robots\" content=\"index, follow, max-snippet:-1, max-image-preview:large, max-video-preview:-1\" \/>\n<link rel=\"canonical\" href=\"https:\/\/www.izarkom.eus\/es\/ekitaldiak\/izarkom-eta-goienerren-kilometroa\/\" \/>\n<meta property=\"og:locale\" content=\"es_ES\" \/>\n<meta property=\"og:type\" content=\"article\" \/>\n<meta property=\"og:title\" content=\"Ven a con nosotras a disfrutar del 772 km de KORRIKA que hemos vamos a correr juntos Izarkom y Goiener.\" \/>\n<meta property=\"og:description\" content=\"Puedes acercarte a la oficina de Calle Nueva a las 13:30 o a las 14:15 frente al n\u00famero 3 de la Avenida de Bara\u00f1\u00e1in, frente al colegio San Cernin.\" \/>\n<meta property=\"og:url\" content=\"https:\/\/www.izarkom.eus\/es\/ekitaldiak\/izarkom-eta-goienerren-kilometroa\/\" \/>\n<meta property=\"og:site_name\" content=\"izarkom\" \/>\n<meta property=\"og:image\" content=\"https:\/\/www.izarkom.eus\/wp-content\/uploads\/2026\/03\/4-1.png\" \/>\n<meta name=\"twitter:card\" content=\"summary_large_image\" \/>\n<script type=\"application\/ld+json\" class=\"yoast-schema-graph\">{\"@context\":\"https:\\\/\\\/schema.org\",\"@graph\":[{\"@type\":\"WebPage\",\"@id\":\"https:\\\/\\\/www.izarkom.eus\\\/es\\\/ekitaldiak\\\/izarkom-eta-goienerren-kilometroa\\\/\",\"url\":\"https:\\\/\\\/www.izarkom.eus\\\/es\\\/ekitaldiak\\\/izarkom-eta-goienerren-kilometroa\\\/\",\"name\":\"Izarkom eta Goienerren kilometroa - izarkom\",\"isPartOf\":{\"@id\":\"https:\\\/\\\/www.izarkom.eus\\\/#website\"},\"primaryImageOfPage\":{\"@id\":\"https:\\\/\\\/www.izarkom.eus\\\/es\\\/ekitaldiak\\\/izarkom-eta-goienerren-kilometroa\\\/#primaryimage\"},\"image\":{\"@id\":\"https:\\\/\\\/www.izarkom.eus\\\/es\\\/ekitaldiak\\\/izarkom-eta-goienerren-kilometroa\\\/#primaryimage\"},\"thumbnailUrl\":\"https:\\\/\\\/www.izarkom.eus\\\/wp-content\\\/uploads\\\/2026\\\/03\\\/4-1.png\",\"datePublished\":\"2026-03-12T12:01:24+00:00\",\"description\":\"Ven a disfrutar el km 772 de KORRIKA que correremos juntos Izarkom y Goiener.\",\"breadcrumb\":{\"@id\":\"https:\\\/\\\/www.izarkom.eus\\\/es\\\/ekitaldiak\\\/izarkom-eta-goienerren-kilometroa\\\/#breadcrumb\"},\"inLanguage\":\"es\",\"potentialAction\":[{\"@type\":\"ReadAction\",\"target\":[\"https:\\\/\\\/www.izarkom.eus\\\/es\\\/ekitaldiak\\\/izarkom-eta-goienerren-kilometroa\\\/\"]}]},{\"@type\":\"ImageObject\",\"inLanguage\":\"es\",\"@id\":\"https:\\\/\\\/www.izarkom.eus\\\/es\\\/ekitaldiak\\\/izarkom-eta-goienerren-kilometroa\\\/#primaryimage\",\"url\":\"https:\\\/\\\/www.izarkom.eus\\\/wp-content\\\/uploads\\\/2026\\\/03\\\/4-1.png\",\"contentUrl\":\"https:\\\/\\\/www.izarkom.eus\\\/wp-content\\\/uploads\\\/2026\\\/03\\\/4-1.png\",\"width\":960,\"height\":640},{\"@type\":\"BreadcrumbList\",\"@id\":\"https:\\\/\\\/www.izarkom.eus\\\/es\\\/ekitaldiak\\\/izarkom-eta-goienerren-kilometroa\\\/#breadcrumb\",\"itemListElement\":[{\"@type\":\"ListItem\",\"position\":1,\"name\":\"Home\",\"item\":\"https:\\\/\\\/www.izarkom.eus\\\/\"},{\"@type\":\"ListItem\",\"position\":2,\"name\":\"Ekitaldiak\",\"item\":\"https:\\\/\\\/www.izarkom.eus\\\/events\\\/\"},{\"@type\":\"ListItem\",\"position\":3,\"name\":\"Izarkom eta Goienerren kilometroa\"}]},{\"@type\":\"WebSite\",\"@id\":\"https:\\\/\\\/www.izarkom.eus\\\/#website\",\"url\":\"https:\\\/\\\/www.izarkom.eus\\\/\",\"name\":\"izarkom\",\"description\":\"Izarkom, Euskal Herriko telekomunikazio kooperatiba\",\"potentialAction\":[{\"@type\":\"SearchAction\",\"target\":{\"@type\":\"EntryPoint\",\"urlTemplate\":\"https:\\\/\\\/www.izarkom.eus\\\/?s={search_term_string}\"},\"query-input\":{\"@type\":\"PropertyValueSpecification\",\"valueRequired\":true,\"valueName\":\"search_term_string\"}}],\"inLanguage\":\"es\"}]}<\/script>\n<!-- \/ Yoast SEO plugin. -->","yoast_head_json":{"title":"Izarkom eta Goienerren kilometroa - izarkom","description":"Ven a disfrutar el km 772 de KORRIKA que correremos juntos Izarkom y Goiener.","robots":{"index":"index","follow":"follow","max-snippet":"max-snippet:-1","max-image-preview":"max-image-preview:large","max-video-preview":"max-video-preview:-1"},"canonical":"https:\/\/www.izarkom.eus\/es\/ekitaldiak\/izarkom-eta-goienerren-kilometroa\/","og_locale":"es_ES","og_type":"article","og_title":"Ven a con nosotras a disfrutar del 772 km de KORRIKA que hemos vamos a correr juntos Izarkom y Goiener.","og_description":"Puedes acercarte a la oficina de Calle Nueva a las 13:30 o a las 14:15 frente al n\u00famero 3 de la Avenida de Bara\u00f1\u00e1in, frente al colegio San Cernin.","og_url":"https:\/\/www.izarkom.eus\/es\/ekitaldiak\/izarkom-eta-goienerren-kilometroa\/","og_site_name":"izarkom","og_image":[{"url":"https:\/\/www.izarkom.eus\/wp-content\/uploads\/2026\/03\/4-1.png","type":"","width":"","height":""}],"twitter_card":"summary_large_image","schema":{"@context":"https:\/\/schema.org","@graph":[{"@type":"WebPage","@id":"https:\/\/www.izarkom.eus\/es\/ekitaldiak\/izarkom-eta-goienerren-kilometroa\/","url":"https:\/\/www.izarkom.eus\/es\/ekitaldiak\/izarkom-eta-goienerren-kilometroa\/","name":"Izarkom eta Goienerren kilometroa - izarkom","isPartOf":{"@id":"https:\/\/www.izarkom.eus\/#website"},"primaryImageOfPage":{"@id":"https:\/\/www.izarkom.eus\/es\/ekitaldiak\/izarkom-eta-goienerren-kilometroa\/#primaryimage"},"image":{"@id":"https:\/\/www.izarkom.eus\/es\/ekitaldiak\/izarkom-eta-goienerren-kilometroa\/#primaryimage"},"thumbnailUrl":"https:\/\/www.izarkom.eus\/wp-content\/uploads\/2026\/03\/4-1.png","datePublished":"2026-03-12T12:01:24+00:00","description":"Ven a disfrutar el km 772 de KORRIKA que correremos juntos Izarkom y Goiener.","breadcrumb":{"@id":"https:\/\/www.izarkom.eus\/es\/ekitaldiak\/izarkom-eta-goienerren-kilometroa\/#breadcrumb"},"inLanguage":"es","potentialAction":[{"@type":"ReadAction","target":["https:\/\/www.izarkom.eus\/es\/ekitaldiak\/izarkom-eta-goienerren-kilometroa\/"]}]},{"@type":"ImageObject","inLanguage":"es","@id":"https:\/\/www.izarkom.eus\/es\/ekitaldiak\/izarkom-eta-goienerren-kilometroa\/#primaryimage","url":"https:\/\/www.izarkom.eus\/wp-content\/uploads\/2026\/03\/4-1.png","contentUrl":"https:\/\/www.izarkom.eus\/wp-content\/uploads\/2026\/03\/4-1.png","width":960,"height":640},{"@type":"BreadcrumbList","@id":"https:\/\/www.izarkom.eus\/es\/ekitaldiak\/izarkom-eta-goienerren-kilometroa\/#breadcrumb","itemListElement":[{"@type":"ListItem","position":1,"name":"Home","item":"https:\/\/www.izarkom.eus\/"},{"@type":"ListItem","position":2,"name":"Ekitaldiak","item":"https:\/\/www.izarkom.eus\/events\/"},{"@type":"ListItem","position":3,"name":"Izarkom eta Goienerren kilometroa"}]},{"@type":"WebSite","@id":"https:\/\/www.izarkom.eus\/#website","url":"https:\/\/www.izarkom.eus\/","name":"izarkom","description":"Izarkom, Euskal Herriko telekomunikazio kooperatiba","potentialAction":[{"@type":"SearchAction","target":{"@type":"EntryPoint","urlTemplate":"https:\/\/www.izarkom.eus\/?s={search_term_string}"},"query-input":{"@type":"PropertyValueSpecification","valueRequired":true,"valueName":"search_term_string"}}],"inLanguage":"es"}]}},"_links":{"self":[{"href":"https:\/\/www.izarkom.eus\/es\/wp-json\/wp\/v2\/tribe_events\/27541","targetHints":{"allow":["GET"]}}],"collection":[{"href":"https:\/\/www.izarkom.eus\/es\/wp-json\/wp\/v2\/tribe_events"}],"about":[{"href":"https:\/\/www.izarkom.eus\/es\/wp-json\/wp\/v2\/types\/tribe_events"}],"author":[{"embeddable":true,"href":"https:\/\/www.izarkom.eus\/es\/wp-json\/wp\/v2\/users\/5"}],"version-history":[{"count":0,"href":"https:\/\/www.izarkom.eus\/es\/wp-json\/wp\/v2\/tribe_events\/27541\/revisions"}],"wp:featuredmedia":[{"embeddable":true,"href":"https:\/\/www.izarkom.eus\/es\/wp-json\/wp\/v2\/media\/27538"}],"wp:attachment":[{"href":"https:\/\/www.izarkom.eus\/es\/wp-json\/wp\/v2\/media?parent=27541"}],"wp:term":[{"taxonomy":"post_tag","embeddable":true,"href":"https:\/\/www.izarkom.eus\/es\/wp-json\/wp\/v2\/tags?post=27541"},{"taxonomy":"tribe_events_cat","embeddable":true,"href":"https:\/\/www.izarkom.eus\/es\/wp-json\/wp\/v2\/tribe_events_cat?post=27541"}],"curies":[{"name":"wp","href":"https:\/\/api.w.org\/{rel}","templated":true}]}}

<p>Ven a disfrutar el km 772 de KORRIKA que correremos juntos Izarkom y Goiener.</p>
<p>Puedes acercarte a la oficina de Calle Nueva a las 13:30 o a las 14:15 frente al número 3 de la Avenida de Barañáin, frente al colegio San Cernin.</p>

<!-- This site is optimized with the Yoast SEO plugin v27.5 - https://yoast.com/product/yoast-seo-wordpress/ -->
<title>Izarkom eta Goienerren kilometroa - izarkom</title>
<meta name="description" content="Ven a disfrutar el km 772 de KORRIKA que correremos juntos Izarkom y Goiener." />
<meta name="robots" content="index, follow, max-snippet:-1, max-image-preview:large, max-video-preview:-1" />
<link rel="canonical" href="https://www.izarkom.eus/es/ekitaldiak/izarkom-eta-goienerren-kilometroa/" />
<meta property="og:locale" content="es_ES" />
<meta property="og:type" content="article" />
<meta property="og:title" content="Ven a con nosotras a disfrutar del 772 km de KORRIKA que hemos vamos a correr juntos Izarkom y Goiener." />
<meta property="og:description" content="Puedes acercarte a la oficina de Calle Nueva a las 13:30 o a las 14:15 frente al número 3 de la Avenida de Barañáin, frente al colegio San Cernin." />
<meta property="og:url" content="https://www.izarkom.eus/es/ekitaldiak/izarkom-eta-goienerren-kilometroa/" />
<meta property="og:site_name" content="izarkom" />
<meta property="og:image" content="https://www.izarkom.eus/wp-content/uploads/2026/03/4-1.png" />
<meta name="twitter:card" content="summary_large_image" />
<script type="application/ld+json" class="yoast-schema-graph">{"@context":"https:\/\/schema.org","@graph":[{"@type":"WebPage","@id":"https:\/\/www.izarkom.eus\/es\/ekitaldiak\/izarkom-eta-goienerren-kilometroa\/","url":"https:\/\/www.izarkom.eus\/es\/ekitaldiak\/izarkom-eta-goienerren-kilometroa\/","name":"Izarkom eta Goienerren kilometroa - izarkom","isPartOf":{"@id":"https:\/\/www.izarkom.eus\/#website"},"primaryImageOfPage":{"@id":"https:\/\/www.izarkom.eus\/es\/ekitaldiak\/izarkom-eta-goienerren-kilometroa\/#primaryimage"},"image":{"@id":"https:\/\/www.izarkom.eus\/es\/ekitaldiak\/izarkom-eta-goienerren-kilometroa\/#primaryimage"},"thumbnailUrl":"https:\/\/www.izarkom.eus\/wp-content\/uploads\/2026\/03\/4-1.png","datePublished":"2026-03-12T12:01:24+00:00","description":"Ven a disfrutar el km 772 de KORRIKA que correremos juntos Izarkom y Goiener.","breadcrumb":{"@id":"https:\/\/www.izarkom.eus\/es\/ekitaldiak\/izarkom-eta-goienerren-kilometroa\/#breadcrumb"},"inLanguage":"es","potentialAction":[{"@type":"ReadAction","target":["https:\/\/www.izarkom.eus\/es\/ekitaldiak\/izarkom-eta-goienerren-kilometroa\/"]}]},{"@type":"ImageObject","inLanguage":"es","@id":"https:\/\/www.izarkom.eus\/es\/ekitaldiak\/izarkom-eta-goienerren-kilometroa\/#primaryimage","url":"https:\/\/www.izarkom.eus\/wp-content\/uploads\/2026\/03\/4-1.png","contentUrl":"https:\/\/www.izarkom.eus\/wp-content\/uploads\/2026\/03\/4-1.png","width":960,"height":640},{"@type":"BreadcrumbList","@id":"https:\/\/www.izarkom.eus\/es\/ekitaldiak\/izarkom-eta-goienerren-kilometroa\/#breadcrumb","itemListElement":[{"@type":"ListItem","position":1,"name":"Home","item":"https:\/\/www.izarkom.eus\/"},{"@type":"ListItem","position":2,"name":"Ekitaldiak","item":"https:\/\/www.izarkom.eus\/events\/"},{"@type":"ListItem","position":3,"name":"Izarkom eta Goienerren kilometroa"}]},{"@type":"WebSite","@id":"https:\/\/www.izarkom.eus\/#website","url":"https:\/\/www.izarkom.eus\/","name":"izarkom","description":"Izarkom, Euskal Herriko telekomunikazio kooperatiba","potentialAction":[{"@type":"SearchAction","target":{"@type":"EntryPoint","urlTemplate":"https:\/\/www.izarkom.eus\/?s={search_term_string}"},"query-input":{"@type":"PropertyValueSpecification","valueRequired":true,"valueName":"search_term_string"}}],"inLanguage":"es"}]}</script>
<!-- / Yoast SEO plugin. -->

Puedes acercarte a la oficina de Calle Nueva a las 13:30 o a las 14:15 frente al número 3 de la Avenida de Barañáin, frente al colegio San Cernin.
